{"id":35,"date":"2020-10-11T01:51:26","date_gmt":"2020-10-11T01:51:26","guid":{"rendered":"http:\/\/monocromiasenmalbec.com\/?page_id=35"},"modified":"2021-07-27T23:41:16","modified_gmt":"2021-07-27T23:41:16","slug":"quien-soy","status":"publish","type":"page","link":"https:\/\/monocromiasenmalbec.com\/?page_id=35","title":{"rendered":"Quien soy"},"content":{"rendered":"\t\t<div data-elementor-type=\"wp-page\" data-elementor-id=\"35\" class=\"elementor elementor-35\">\n\t\t\t\t\t\t<section class=\"elementor-section elementor-top-section elementor-element elementor-element-3db7877 elementor-section-boxed elementor-section-height-default elementor-section-height-default\" data-id=\"3db7877\" data-element_type=\"section\" data-e-type=\"section\">\n\t\t\t\t\t\t<div class=\"elementor-container elementor-column-gap-default\">\n\t\t\t\t\t<div class=\"elementor-column elementor-col-100 elementor-top-column elementor-element elementor-element-89f47c5\" data-id=\"89f47c5\" data-element_type=\"column\" data-e-type=\"column\">\n\t\t\t<div class=\"elementor-widget-wrap elementor-element-populated\">\n\t\t\t\t\t\t<div class=\"elementor-element elementor-element-8721986 elementor-widget elementor-widget-text-editor\" data-id=\"8721986\" data-element_type=\"widget\" data-e-type=\"widget\" data-widget_type=\"text-editor.default\">\n\t\t\t\t<div class=\"elementor-widget-container\">\n\t\t\t\t\t\t\t\t\t<h3 style=\"color: #ffffff; text-align: center;\">\u00bfQUI\u00c9N ES JOS\u00c9 AQUILES LARDONE?<\/h3>\t\t\t\t\t\t\t\t<\/div>\n\t\t\t\t<\/div>\n\t\t\t\t\t<\/div>\n\t\t<\/div>\n\t\t\t\t\t<\/div>\n\t\t<\/section>\n\t\t\t\t<section class=\"elementor-section elementor-top-section elementor-element elementor-element-1e900f1 elementor-section-boxed elementor-section-height-default elementor-section-height-default\" data-id=\"1e900f1\" data-element_type=\"section\" data-e-type=\"section\">\n\t\t\t\t\t\t<div class=\"elementor-container elementor-column-gap-default\">\n\t\t\t\t\t<div class=\"elementor-column elementor-col-100 elementor-top-column elementor-element elementor-element-42a8bdb\" data-id=\"42a8bdb\" data-element_type=\"column\" data-e-type=\"column\">\n\t\t\t<div class=\"elementor-widget-wrap elementor-element-populated\">\n\t\t\t\t\t\t<div class=\"elementor-element elementor-element-8fc7c5a elementor-widget elementor-widget-text-editor\" data-id=\"8fc7c5a\" data-element_type=\"widget\" data-e-type=\"widget\" data-widget_type=\"text-editor.default\">\n\t\t\t\t<div class=\"elementor-widget-container\">\n\t\t\t\t\t\t\t\t\t<p style=\"color: #ffffff;\">El artista es un embajador del vino a trav\u00e9s de sus creaciones que est\u00e1n en varios pa\u00edses del mundo, entre los cuales podemos mencionar: Espa\u00f1a, China, Francia, Inglaterra, M\u00e9xico, Uruguay, Chile, Bolivia y Brasil. Una de las m\u00e1s reconocidas a nivel mundial es \u201cSanta Rosa de Lima\u201d, cuadro que lleg\u00f3 a manos del Papa Francisco en el a\u00f1o 2014.\u00a0<br>\nLardone (Von Pepe) fue el primer artista americano en enviarle un fresco a la Guardia Suiza, cuerpo militar encargado de la seguridad del Papa y de la Santa Sede, en su 510 aniversario. Tuvo este gesto en 2016 con motivo del Bicentenario de la Rep\u00fablica Argentina y como modo de agradecimiento recibi\u00f3 una carta escrita de pu\u00f1o y letra por parte del II Comandante del Cuerpo. Domina una t\u00e9cnica \u00fanica y original para pintar frescos con vinos varietales malbec, que est\u00e1 patentada y posee los derechos de autor como \u00fanica persona que la aplica a trav\u00e9s del arte. Sus frescos mutan de color con el paso del tiempo por la oxidaci\u00f3n del vino. Y esta es su historia como dise\u00f1ador gr\u00e1fico: <br>Comienza en la transici\u00f3n del tablero de dibujo y sus herramientas como la tinta, tirar l\u00edneas, grafito sobre distintos soportes de celulosa para ser transformado en los primeros programas de dise\u00f1o que aparec\u00edan en el mercado, hasta llegar a la actual computadora y software, en la alborada del dise\u00f1o gr\u00e1fico publicitario asistido por estas nuevas tecnolog\u00edas, destacando y compitiendo desde el oeste de la Argentina con avisos publicitarios, revistas especializadas, folleter\u00eda, papeler\u00eda, etc. Con una vasta trayectoria en medios gr\u00e1ficos de comunicaci\u00f3n, pudo llegar a incluir a las \u201cetiquetas para vinos\u201d del rubro Bodegas, las que le permitieron participar, competir y ganar concursos en Burdeos, Francia, obteniendo medallas de Bronce, Plata y Oro; fue as\u00ed y de una manera muy seductora que entr\u00f3 en el incre\u00edble mundo del vino. Toda esta historia se ha desarrollado con la emblem\u00e1tica bebida que nos distingue y caracteriza en el mundo, hoy en piezas \u00fanicas de arte compuestas con pinceles y vino de donde proviene su nombre\u2026 MONOCROMIAS EN MALBEC. Durante este a\u00f1o ha aceptado un nuevo desaf\u00edo y lanzar\u00e1 al mercado su propia marca de vinos Malbec, pero en realidad su toque personal est\u00e1 en el arte presente en sus etiquetas, las cuales ser\u00e1n coleccionables y en serie limitada relacionadas con la cultura grecorromana. La inmensa emoci\u00f3n que genera la pintura se ver\u00e1 reforzada por el lenguaje po\u00e9tico presente en la contraetiqueta.<br>\u201cLa pintura es una poes\u00eda muda y la poes\u00eda es una pintura que habla\u201d,\u00a0Sim\u00f3nides de Ceos, es el poeta griego que plasma en esta expresi\u00f3n, la frase que genera en Von Pepe esta novedosa forma de sumar al deleite que produce la obra de arte de la etiqueta, el placer de degustar un buen vino Malbec. El color en cada uno de sus trazos, se conjugar\u00e1 con el ritmo de la poes\u00eda y el sabor de esta noble bebida, regalando a nuestros sentidos una experiencia \u00fanica.<\/p>\t\t\t\t\t\t\t\t<\/div>\n\t\t\t\t<\/div>\n\t\t\t\t\t<\/div>\n\t\t<\/div>\n\t\t\t\t\t<\/div>\n\t\t<\/section>\n\t\t\t\t<section class=\"elementor-section elementor-top-section elementor-element elementor-element-510cb13 elementor-section-boxed elementor-section-height-default elementor-section-height-default\" data-id=\"510cb13\" data-element_type=\"section\" data-e-type=\"section\">\n\t\t\t\t\t\t<div class=\"elementor-container elementor-column-gap-default\">\n\t\t\t\t\t<div class=\"elementor-column elementor-col-100 elementor-top-column elementor-element elementor-element-ad9b5ca\" data-id=\"ad9b5ca\" data-element_type=\"column\" data-e-type=\"column\">\n\t\t\t<div class=\"elementor-widget-wrap elementor-element-populated\">\n\t\t\t\t\t\t<div class=\"elementor-element elementor-element-43aba17 elementor-widget elementor-widget-video\" data-id=\"43aba17\" data-element_type=\"widget\" data-e-type=\"widget\" data-settings=\"{&quot;youtube_url&quot;:&quot;https:\\\/\\\/youtu.be\\\/_6oTcqY8IQo&quot;,&quot;video_type&quot;:&quot;youtube&quot;,&quot;controls&quot;:&quot;yes&quot;}\" data-widget_type=\"video.default\">\n\t\t\t\t<div class=\"elementor-widget-container\">\n\t\t\t\t\t\t\t<div class=\"elementor-wrapper elementor-open-inline\">\n\t\t\t<div class=\"elementor-video\"><\/div>\t\t<\/div>\n\t\t\t\t\t\t<\/div>\n\t\t\t\t<\/div>\n\t\t\t\t\t<\/div>\n\t\t<\/div>\n\t\t\t\t\t<\/div>\n\t\t<\/section>\n\t\t\t\t<\/div>\n\t\t","protected":false},"excerpt":{"rendered":"<p>\u00bfQUI\u00c9N ES JOS\u00c9 AQUILES LARDONE? El artista es un embajador del vino a trav\u00e9s de sus creaciones que est\u00e1n en varios pa\u00edses del mundo, entre los cuales podemos mencionar: Espa\u00f1a, China, Francia, Inglaterra, M\u00e9xico, Uruguay, Chile, Bolivia y Brasil. Una de las m\u00e1s reconocidas a nivel mundial es \u201cSanta Rosa de Lima\u201d, cuadro que lleg\u00f3 a manos del Papa Francisco en el a\u00f1o 2014.\u00a0 Lardone (Von Pepe) fue el primer artista americano en enviarle un fresco a la Guardia Suiza, cuerpo militar encargado de la seguridad del Papa y de la Santa Sede, en su 510 aniversario. Tuvo este gesto en 2016 con motivo del Bicentenario de la Rep\u00fablica Argentina y como modo de agradecimiento recibi\u00f3 una carta escrita de pu\u00f1o y letra por parte del II Comandante del Cuerpo. Domina una t\u00e9cnica \u00fanica y original para pintar frescos con vinos varietales malbec, que est\u00e1 patentada y posee los derechos&hellip;<\/p>\n<p> <a class=\"more-link\" href=\"https:\/\/monocromiasenmalbec.com\/?page_id=35\">Leer m\u00e1s<\/a><\/p>\n","protected":false},"author":1,"featured_media":0,"parent":0,"menu_order":0,"comment_status":"closed","ping_status":"open","template":"","meta":{"footnotes":""},"class_list":["post-35","page","type-page","status-publish"],"_links":{"self":[{"href":"https:\/\/monocromiasenmalbec.com\/index.php?rest_route=\/wp\/v2\/pages\/35","targetHints":{"allow":["GET"]}}],"collection":[{"href":"https:\/\/monocromiasenmalbec.com\/index.php?rest_route=\/wp\/v2\/pages"}],"about":[{"href":"https:\/\/monocromiasenmalbec.com\/index.php?rest_route=\/wp\/v2\/types\/page"}],"author":[{"embeddable":true,"href":"https:\/\/monocromiasenmalbec.com\/index.php?rest_route=\/wp\/v2\/users\/1"}],"replies":[{"embeddable":true,"href":"https:\/\/monocromiasenmalbec.com\/index.php?rest_route=%2Fwp%2Fv2%2Fcomments&post=35"}],"version-history":[{"count":89,"href":"https:\/\/monocromiasenmalbec.com\/index.php?rest_route=\/wp\/v2\/pages\/35\/revisions"}],"predecessor-version":[{"id":525,"href":"https:\/\/monocromiasenmalbec.com\/index.php?rest_route=\/wp\/v2\/pages\/35\/revisions\/525"}],"wp:attachment":[{"href":"https:\/\/monocromiasenmalbec.com\/index.php?rest_route=%2Fwp%2Fv2%2Fmedia&parent=35"}],"curies":[{"name":"wp","href":"https:\/\/api.w.org\/{rel}","templated":true}]}}